at is -156236445 - -14?
-156236431
In base 13, what is 3 + 9ac522?
9ac525
In base 9, what is 104016 + 845?
104862
In base 13, what is -1 - 142681a4?
-142681a5
In base 15, what is -3ed297a7 + -4?
-3ed297ab
In base 9, what is -114153 + 223?
-113830
In base 11, what is 2766 - 16759a?
-164934
In base 14, what is -b77 - -72d?
-448
In base 9, what is -72245408 + 0?
-72245408
In base 11, what is -6a - -116991?
116922
In base 14, what is -6 - 22c8ad6?
-22c8adc
In base 16, what is -296054d - -3?
-296054a
In base 16, what is -434 - 587e?
-5cb2
In base 4, what is -11203201321 + -23322?
-11203231303
In base 11, what is 28a4 + -42760?
-3a967
In base 15, what is -5 - -11d1dab9?
11d1dab4
In base 13, what is 10ca2 - b838?
2467
In base 3, what is -12 + -20121122001202?
-20121122001221
In base 15, what is -107745 + -9?
-10774e
In base 14, what is 73 + -cb1a?
-ca87
In base 16, what is -b64dd - -1c?
-b64c1
In base 6, what is 41 + -10521324?
-10521243
In base 5, what is -1040131241 - -13?
-1040131223
In base 7, what is 3 - 1064564106?
-1064564103
In base 10, what is -3694 - 13056?
-16750
In base 15, what is -ddce + d?
-ddc1
In base 15, what is 4 + -1e2c12?
-1e2c0d
In base 9, what is -605627405 + 5?
-605627400
In base 5, what is 22121 - -232000?
304121
In base 12, what is 26 + -167b80?
-167b56
In base 15, what is 36 + 2db?
322
In base 5, what is 114034200 + -1201?
114032444
In base 7, what is 2404113033 - -1?
2404113034
In base 11, what is -12484467 + -18?
-12484484
In base 8, what is 73406 - 1036?
72350
In base 4, what is -2 + -1301002033?
-1301002101
In base 14, what is 79a - c9b6?
-c21a
In base 10, what is 6993 + -30698?
-23705
In base 4, what is -21101232 + 1020?
-21100212
In base 2, what is 110110001111 - 11101011101?
11000110010
In base 2, what is -11 - 1010110000000011110111?
-1010110000000011111010
In base 11, what is -4 + 127a45?
127a41
In base 14, what is 1 - -8c053?
8c054
In base 11, what is -97318 + -6?
-97323
In base 10, what is 1453 - -27118?
28571
In base 7, what is -520434100 - 13?
-520434113
In base 11, what is -4242779 + -3?
-4242781
In base 12, what is b56678 - 20?
b56658
In base 3, what is 10101002121 + -102011?
10100200110
In base 14, what is 9 + 7b873?
7b87c
In base 14, what is 13643 - 541?
13102
In base 8, what is -4 - -2016515451?
2016515445
In base 15, what is -a83b1 - -15?
-a839b
In base 12, what is -1b005 - -a0?
-1ab25
In base 3, what is -122001 - 22202121020?
-22210020021
In base 15, what is -9 - 55834?
-5583d
In base 10, what is -43873 + -519?
-44392
In base 15, what is 321d4d - 1c?
321d31
In base 14, what is -3d + 45a827?
45a7c8
In base 6, what is -101204 - 2115?
-103323
In base 2, what is 10000001111101101010010110 + -10?
10000001111101101010010100
In base 7, what is 303 - 6060403?
-6060100
In base 2, what is -101 + 110101111010011111001000?
110101111010011111000011
In base 4, what is 0 + 13132132201?
13132132201
In base 4, what is -2122 - 21002233?
-21011021
In base 10, what is -33331 + -227?
-33558
In base 9, what is -12621461 - -20?
-12621441
In base 9, what is -8170457 - -17?
-8170440
In base 2, what is -11110011101001101 + -1110111111?
-11110101100001100
In base 14, what is -579 - 16737?
-16cb2
In base 7, what is 44110 + -341?
43436
In base 16, what is -39b4d75 + 1?
-39b4d74
In base 3, what is 10002200021 - 1001?
10002122020
In base 9, what is 62 + 1528512?
1528574
In base 16, what is -ca07 + -59?
-ca60
In base 8, what is -43735 - 5650?
-51605
In base 14, what is 24 - a77439?
-a77415
In base 16, what is 12b5 + 462?
1717
In base 4, what is -130200210213 + -22?
-130200210301
In base 5, what is 11 - 1202020131?
-1202020120
In base 6, what is 410403443141 + 2?
410403443143
In base 5, what is 20310200431 + -3?
20310200423
In base 2, what is 11 - 110001010001000001010?
-110001010001000000111
In base 12, what is -2 + 890109?
890107
In base 11, what is -8697aa6 + 4?
-8697aa2
In base 12, what is -a829771 + -3?
-a829774
In base 6, what is 44 + 1350305?
1350353
In base 13, what is 2a - -123594?
1235c1
In base 4, what is 10200 - 1133000312?
-1132330112
In base 15, what is a - -5d95ec?
5d9607
In base 5, what is -332443 + -2004324?
-2342322
In base 2, what is 111100011001110010110 + 1111?
111100011001110100101
In base 5, what is 11321403303 + 13?
11321403321
In base 6, what is -13551 - -3054043?
3040052
In base 11, what is 1a87 - 1463?
624
In base 9, what is -5 - 180458471?
-180458476
In base 10, what is 213 - 765521?
-765308
In base 6, what is 2045345253 - -5?
2045345302
In base 8, what is 5 + 1723435603?
1723435610
In base 8, what is -134637054 + -112?
-134637166
In base 2, what is -11010111111011010110010011 + -1?
-11010111111011010110010100
In base 6, what is -2452142452 - -4?
-2452142444
In base 2, what is -10 - -101010001011010100001010?
101010001011010100001000
In base 4, what is 122301233 - -2033?
122303332
In base 5, what is 10 - 2001140222?
-2001140212
In base 14, what is bd2a - 3676?
8694
In base 11, what is 4274a9 - -39?
427537
In base 2, what is 110100110011000110 - -1011?
110100110011010001
In base 3, what is -10200000220 - 10011000?
-10210011220
In base 3, what is 11000102022100 - 0?
11000102022100
In base 15, what is 6bb08 - -34?
6bb3c
In base 6, what is 15532101 + 5?
15532110
In base 7, what is 4236410 + -23?
4236354
In base 10, what is -228 - -183?
-45
In base 9, what is -4120388 - 12?
-4120411
In base 11, what is 114830 - -5a?
11488a
In base 14, what is 1 + 2b73443?
2b73444
In base 6, what is -4105030103 + -2?
-4105030105
In base 2, what is 10010101010101011000001 + 1?
10010101010101011000010
In base 16, what is 11bc6 - -8f?
11c55
In base 8, what is -323751 + -55?
-324026
In base 13, what is 5 - 179a381b?
-179a3816
In base 5, what is -112324 + 3303104?
3140230
In base 3, what is -1120100 + -10200112221?
-10202010021
In base 15, what is 12450 + 2db?
1273b
In base 11, what is -2 + -103160a?
-1031611
In base 5, what is 3104103 + 124341?
3233444
In base 8, what is -4 - -33734323?
33734317
In base 16, what is d + 7a97a?
7a987
In base 13, what is -1bbba + -65?
-1bc52
In base 2, what is 10111010001110 - -101100011111?
11100110101101
In base 9, what is -60 + 4337?
4267
In base 12, what is -638 - -1272a?
120b2
In base 3, what is -201 - -111100221011?
111100220110
In base 10, what is -2748 + 6782?
4034
In base 8, what is -3735 - -231662?
225725
In base 3, what is -2002120 - -11100020?
2020200
In base 16, what is -4 - 3c9ae82?
-3c9ae86
In base 2, what is 1100101 + 1100101101100100010?
1100101101110000111
In base 14, what is -1 + -37b0cc9?
-37b0cca
In base 13, what is -240 + bcb24?
bc8b4
In base 15, what is -2384b26 + -16?
-2384b3c
In base 13, what is 1320c5 - -77?
13216c
In base 13, what is -16a41c9 + -6?
-16a4202
In base 9, what is -434201 + 16?
-434174
In base 5, what is 10 + 10230132?
10230142
In base 6, what is -11422 + -534330?
-550152
In base 12, what is -5b595 - 2a?
-5b603
In base 9, what is -17 + 5341457?
5341440
In base 15, what is 3 - -4311346?
4311349
In base 3, what is -10 + -102202110122220?
-102202110200000
In base 5, what is 443432241 + 2?
443432243
In base 7, what is 41641132 + 31?
41641163
In base 11, what is 51 + -35a1?
-3550
In base 4, what is -2130030213021 - 2?
-2130030213023
In base 13, what is 2c64b08 - 3?
2c64b05
In base 2, what is -1 - -100111111101101011111010?
100111111101101011111001
In base 6, what is 2151334 + -211?
2151123
In base 10, what is -144 - 190811?
-190955
In base 15, what is 21 - -c741c?
c743d
In base 7, what is -30310 - -21344?
-5633
In base 2, what is -11010101101 - 110010011?
-100001000000
In base 4, what is 301 + -33203322?
-33203021
In base 15, what is -1783c - 1e60?
-1979c
In base 3, what is 10122002012100 - 100?
10122002012000
In base 2, what is -1111110001 + -1011111011001001?
-1100001010111010
In base 8, what is 655353 - -242?
655615
In base 12, what is 90 + 3215b8?
321688
In base 3, what is 10020 + -11211110201?
-11211100111
In base 8, what is -5 + 7676477?
7676472
In base 16, what is 13497cd - -3?
13497d0
In base 13, what is 28106 - -a1?
281a7
In base 10, what is 1455 - -2004?
3459
In base 8, what is 242 - 62710?
-62446
In base 15, what is eab818 - 45?
eab7c3
In base 7, what is -215133 + 21?
-215112
In base 7, what is 6463416 + -1402?
6462014
In base 10, what is 140 + 110838?
110